{"id":2006,"date":"2025-10-09T17:51:46","date_gmt":"2025-10-09T20:51:46","guid":{"rendered":"https:\/\/suriego.com.ar\/?post_type=product&#038;p=2006"},"modified":"2025-10-09T17:51:47","modified_gmt":"2025-10-09T20:51:47","slug":"powerled-6w-luz-blanca","status":"publish","type":"product","link":"https:\/\/suriego.com.ar\/?product=powerled-6w-luz-blanca","title":{"rendered":"POWERLED 6W Luz blanca"},"content":{"rendered":"<div class=\"elementor-element elementor-element-2632091 elementor-widget elementor-widget-text-editor\" data-id=\"2632091\" data-element_type=\"widget\" data-widget_type=\"text-editor.default\">\n<div class=\"elementor-widget-container\">C\u00f3digo: 112341<\/div>\n<\/div>\n<div class=\"elementor-element elementor-element-25e633b oculto-descripcion elementor-widget elementor-widget-woocommerce-product-short-description\" data-id=\"25e633b\" data-element_type=\"widget\" data-widget_type=\"woocommerce-product-short-description.default\">\n<div class=\"elementor-widget-container\">\n<div class=\"woocommerce-product-details__short-description\">\n<div class=\"contenedor-tabla\"><b>Tipo de Piscina:<\/b>\u00a0hormig\u00f3n \/ fibra de vidrio<\/div>\n<div class=\"contenedor-tabla\"><b>Cuepo:<\/b>\u00a0AISI 316<\/div>\n<div class=\"contenedor-tabla\"><b>Luz:<\/b>\u00a0blanca<\/div>\n<div class=\"contenedor-tabla\"><b>Flujo Luminoso:<\/b>\u00a0300 lm<\/div>\n<div class=\"contenedor-tabla\"><b>Potencia (W):<\/b> 6W<\/div>\n<\/div>\n<\/div>\n<\/div>\n<div class=\"elementor-element elementor-element-8875f92 elementor-widget elementor-widget-shortcode\" data-id=\"8875f92\" data-element_type=\"widget\" data-widget_type=\"shortcode.default\">\n<div class=\"elementor-widget-container\">\n<div class=\"elementor-shortcode\">\n<div class=\"product-description\">\n<div class=\"description\">\n<p>Luminaria subacu\u00e1tica PowerLED Vulcano 6W de luz blanca 12 VCC con cable de 5 m. Con \u00e1ngulo de apertura de 150\u00b0,<b>brinda excelente potencia de iluminaci\u00f3n con niveles muy bajos de consumo energ\u00e9tico.<\/b>\u00a0Esta luz, fabricada completamente en policarbonato de alta calidad, es compacta y de f\u00e1cil instalaci\u00f3n, con frente de acero inoxidable AISI 316 pulido.<\/p>\n<p><b>Caracter\u00edsticas t\u00e9cnicas<\/b><br \/>\n\u2022 Grado de protecci\u00f3n IP68.<br \/>\n\u2022 \u00c1rea de iluminaci\u00f3n 16 m\u00b2.<br \/>\n\u2022 Sistema de instalaci\u00f3n push in, encastre a presi\u00f3n en pasamuro.<br \/>\n\u2022 Garant\u00eda 1 a\u00f1o.<\/p>\n<p><b>Recomendaci\u00f3n<\/b><br \/>\n\u2022 Para conservar la garant\u00eda del producto se debe realizar una correcta instalaci\u00f3n, donde las conexiones est\u00e9n dentro de cajas estancas y el cable de la luminaria no se corte.<\/p>\n<\/div>\n<\/div>\n<\/div>\n<\/div>\n<\/div>\n","protected":false},"excerpt":{"rendered":"<p>C\u00f3digo: 112341 Tipo de Piscina:\u00a0hormig\u00f3n \/ fibra de vidrio Cuepo:\u00a0AISI 316 Luz:\u00a0blanca Flujo Luminoso:\u00a0300 lm Potencia (W): 6W Luminaria subacu\u00e1tica PowerLED Vulcano 6W de luz blanca 12 VCC con cable de 5 m. Con \u00e1ngulo de apertura de 150\u00b0,brinda excelente potencia de iluminaci\u00f3n con niveles muy bajos de consumo energ\u00e9tico.\u00a0Esta luz, fabricada completamente en policarbonato&#8230;<\/p>\n","protected":false},"featured_media":2007,"comment_status":"closed","ping_status":"closed","template":"","meta":{"_kad_post_transparent":"default","_kad_post_title":"","_kad_post_layout":"default","_kad_post_sidebar_id":"","_kad_post_content_style":"default","_kad_post_vertical_padding":"default","_kad_post_feature":"","_kad_post_feature_position":"","_kad_post_header":false,"_kad_post_footer":false,"_kad_post_classname":""},"product_brand":[],"product_cat":[64],"product_tag":[],"class_list":{"0":"post-2006","1":"product","2":"type-product","3":"status-publish","4":"has-post-thumbnail","6":"product_cat-iluminacion","8":"first","9":"instock","10":"shipping-taxable","11":"product-type-simple","12":"entry","13":"content-bg","14":"loop-entry"},"_links":{"self":[{"href":"https:\/\/suriego.com.ar\/index.php?rest_route=\/wp\/v2\/product\/2006","targetHints":{"allow":["GET"]}}],"collection":[{"href":"https:\/\/suriego.com.ar\/index.php?rest_route=\/wp\/v2\/product"}],"about":[{"href":"https:\/\/suriego.com.ar\/index.php?rest_route=\/wp\/v2\/types\/product"}],"replies":[{"embeddable":true,"href":"https:\/\/suriego.com.ar\/index.php?rest_route=%2Fwp%2Fv2%2Fcomments&post=2006"}],"wp:featuredmedia":[{"embeddable":true,"href":"https:\/\/suriego.com.ar\/index.php?rest_route=\/wp\/v2\/media\/2007"}],"wp:attachment":[{"href":"https:\/\/suriego.com.ar\/index.php?rest_route=%2Fwp%2Fv2%2Fmedia&parent=2006"}],"wp:term":[{"taxonomy":"product_brand","embeddable":true,"href":"https:\/\/suriego.com.ar\/index.php?rest_route=%2Fwp%2Fv2%2Fproduct_brand&post=2006"},{"taxonomy":"product_cat","embeddable":true,"href":"https:\/\/suriego.com.ar\/index.php?rest_route=%2Fwp%2Fv2%2Fproduct_cat&post=2006"},{"taxonomy":"product_tag","embeddable":true,"href":"https:\/\/suriego.com.ar\/index.php?rest_route=%2Fwp%2Fv2%2Fproduct_tag&post=2006"}],"curies":[{"name":"wp","href":"https:\/\/api.w.org\/{rel}","templated":true}]}}