{"id":1426,"date":"2025-04-11T10:03:50","date_gmt":"2025-04-11T13:03:50","guid":{"rendered":"https:\/\/suriego.com.ar\/?post_type=product&#038;p=1426"},"modified":"2025-04-11T10:03:50","modified_gmt":"2025-04-11T13:03:50","slug":"tractor-rh070-4wd-cabinado","status":"publish","type":"product","link":"https:\/\/suriego.com.ar\/?product=tractor-rh070-4wd-cabinado","title":{"rendered":"TRACTOR RH070 4WD CABINADO"},"content":{"rendered":"<div><strong>TRACTOR RH070 4WD CABINADO<\/strong><\/div>\n<p><strong>&gt; CARACTER\u00cdSTICAS:<\/strong><\/p>\n<ul>\n<li>Motor 4 cilindros de 70 HP de Inyecci\u00f3n Directa, Refrigerado a Agua.<\/li>\n<li>Tracci\u00f3n Doble (4WD)<\/li>\n<li>Caja de Transmisi\u00f3n 4x2x2 (8 cambios hacia delante + 8 cambios de reversa)<\/li>\n<li>Embrague Doble Acci\u00f3n<\/li>\n<li>Bloqueo de Diferencial<\/li>\n<li>Toma de Fuerza de Doble Velocidad (540\/1000 RPM)<\/li>\n<li>DOBLE BOMBA HIDR\u00c1ULICA: Boma de Direcci\u00f3n Independiente + Bomba (con caudal de 40 L\/Min) para el Levante de 3 PUNTOS y para abastecer al Sistema Hidr\u00e1ulico de Acoples R\u00e1pidos (2 Salidas y 2 Retornos Hidr\u00e1ulicos)<\/li>\n<\/ul>\n<p><strong>DIMENSIONES<\/strong>: 4010x1640x2220 mm. PESO: 1780 Kg.<\/p>\n<p><strong>Implementos ideales:<\/strong><\/p>\n<ul>\n<li><em>PALA FRONTAL 200F\/260F<\/em><\/li>\n<li><em>RETROEXCAVADORA 950R<\/em><\/li>\n<li><em>HOYADORA<\/em><\/li>\n<li><em>REMOVEDOR DE CAMA de Compost<\/em><\/li>\n<li><em>Acoplado\u00a0ROLAND H1000 volcador \u00f3 ROLAND H2000<\/em><\/li>\n<li><em>L\u00ednea de desmalezadoras ROLAND H293 (2,9mts) o ROLAND H290 Tiro Desplazado (2,9mts)<\/em><\/li>\n<li><em>RASTRA DE 24 DISCOS Doble Acci\u00f3n.<\/em><\/li>\n<\/ul>\n","protected":false},"excerpt":{"rendered":"<p>TRACTOR RH070 4WD CABINADO &gt; CARACTER\u00cdSTICAS: Motor 4 cilindros de 70 HP de Inyecci\u00f3n Directa, Refrigerado a Agua. Tracci\u00f3n Doble (4WD) Caja de Transmisi\u00f3n 4x2x2 (8 cambios hacia delante + 8 cambios de reversa) Embrague Doble Acci\u00f3n Bloqueo de Diferencial Toma de Fuerza de Doble Velocidad (540\/1000 RPM) DOBLE BOMBA HIDR\u00c1ULICA: Boma de Direcci\u00f3n Independiente&#8230;<\/p>\n","protected":false},"featured_media":1427,"comment_status":"closed","ping_status":"closed","template":"","meta":{"_kad_post_transparent":"default","_kad_post_title":"","_kad_post_layout":"default","_kad_post_sidebar_id":"","_kad_post_content_style":"default","_kad_post_vertical_padding":"default","_kad_post_feature":"","_kad_post_feature_position":"","_kad_post_header":false,"_kad_post_footer":false,"_kad_post_classname":""},"product_brand":[],"product_cat":[85,88],"product_tag":[],"class_list":{"0":"post-1426","1":"product","2":"type-product","3":"status-publish","4":"has-post-thumbnail","6":"product_cat-rolandh","7":"product_cat-tractores","9":"first","10":"instock","11":"shipping-taxable","12":"product-type-simple","13":"entry","14":"content-bg","15":"loop-entry"},"_links":{"self":[{"href":"https:\/\/suriego.com.ar\/index.php?rest_route=\/wp\/v2\/product\/1426","targetHints":{"allow":["GET"]}}],"collection":[{"href":"https:\/\/suriego.com.ar\/index.php?rest_route=\/wp\/v2\/product"}],"about":[{"href":"https:\/\/suriego.com.ar\/index.php?rest_route=\/wp\/v2\/types\/product"}],"replies":[{"embeddable":true,"href":"https:\/\/suriego.com.ar\/index.php?rest_route=%2Fwp%2Fv2%2Fcomments&post=1426"}],"wp:featuredmedia":[{"embeddable":true,"href":"https:\/\/suriego.com.ar\/index.php?rest_route=\/wp\/v2\/media\/1427"}],"wp:attachment":[{"href":"https:\/\/suriego.com.ar\/index.php?rest_route=%2Fwp%2Fv2%2Fmedia&parent=1426"}],"wp:term":[{"taxonomy":"product_brand","embeddable":true,"href":"https:\/\/suriego.com.ar\/index.php?rest_route=%2Fwp%2Fv2%2Fproduct_brand&post=1426"},{"taxonomy":"product_cat","embeddable":true,"href":"https:\/\/suriego.com.ar\/index.php?rest_route=%2Fwp%2Fv2%2Fproduct_cat&post=1426"},{"taxonomy":"product_tag","embeddable":true,"href":"https:\/\/suriego.com.ar\/index.php?rest_route=%2Fwp%2Fv2%2Fproduct_tag&post=1426"}],"curies":[{"name":"wp","href":"https:\/\/api.w.org\/{rel}","templated":true}]}}