{"id":1396,"date":"2025-04-11T09:37:19","date_gmt":"2025-04-11T12:37:19","guid":{"rendered":"https:\/\/suriego.com.ar\/?post_type=product&#038;p=1396"},"modified":"2025-04-11T09:37:19","modified_gmt":"2025-04-11T12:37:19","slug":"tractor-rh040-4wd-con-ruedas-agricolas","status":"publish","type":"product","link":"https:\/\/suriego.com.ar\/?product=tractor-rh040-4wd-con-ruedas-agricolas","title":{"rendered":"TRACTOR RH040 4WD CON RUEDAS AGRICOLAS"},"content":{"rendered":"<p>CARACTERISTICAS:<\/p>\n<ul>\n<li>Motor de 4 cilindros de 40 hp de inyecci\u00f3n directa<\/li>\n<li>Refrigerado a agua.<\/li>\n<li>Tracci\u00f3n doble.<\/li>\n<li>Embrague de acci\u00f3n simple<\/li>\n<li>Caja de transmisi\u00f3n con 8 cambios hacia delante + 2 cambios de reversa<\/li>\n<li>Frenos a disco<\/li>\n<li>Direcci\u00f3n hidr\u00e1ulica<\/li>\n<li>Bloqueo de diferencial<\/li>\n<li>Levante de 3 puntos<\/li>\n<li>Toma de fuerza normalizada a 540 RPM + Bomba hidr\u00e1ulica con caudal de 30 L\/Min.<\/li>\n<\/ul>\n<ul>\n<li><strong>Dimensiones<\/strong>: 3430 x 1280 x 1950mm<\/li>\n<\/ul>\n<p>&nbsp;<\/p>\n<ul>\n<li><strong>Implementos ideales:<\/strong>\n<ul>\n<li><em>PALA FRONTAL 180F<\/em><\/li>\n<li><em>RETROEXCAVADORA 900R<\/em><\/li>\n<li><em>Carro ROLAND H1000 volcador \u00f3 ROLAND H2000<\/em><\/li>\n<li><em>L\u00ednea de desmalezadoras ROLAND H005 (1,50 mts.) \u00f3 de cortadoras de c\u00e9sped para tractor como la ROLAND H200 PRO (2,00 mts.) y\/o la ROLAND H130 (1,30 mts.).<\/em><\/li>\n<\/ul>\n<\/li>\n<\/ul>\n","protected":false},"excerpt":{"rendered":"<p>&lt;table class=\u00bbtable-description table table-bordered\u00bb&gt;<br \/>\n&lt;thead&gt;<br \/>\n&lt;tr&gt;<br \/>\n&lt;th colspan=\u00bb2&#8243;&gt;DETALLES&lt;\/th&gt;<br \/>\n&lt;\/tr&gt;<br \/>\n&lt;\/thead&gt;<br \/>\n&lt;tbody&gt;<br \/>\n&lt;tr&gt;&lt;td class=\u00bbattrTitle\u00bb&gt;Marca&lt;\/td&gt;&lt;td&gt;Roland H&lt;\/td&gt;&lt;\/tr&gt;<br \/>\n&lt;tr&gt;<br \/>\n&lt;td class=\u00bbattrTitle\u00bb&gt;<br \/>\nA\u00f1o<br \/>\n&lt;\/td&gt;<br \/>\n&lt;td&gt;2022<br \/>\n&lt;\/td&gt;<br \/>\n&lt;\/tr&gt;&lt;tr&gt;<br \/>\n&lt;td&gt;<br \/>\n&lt;i class=\u00bbfa fa-download\u00bb&gt;&lt;\/i&gt;<br \/>\n&lt;\/td&gt;<br \/>\n&lt;td&gt;&lt;a href=\u00bbhttps:\/\/www.rolandh.com.ar\/mods\/html\/fil\/Model\/Product\/240\/61152eef4e5e0-ficha-tecnica-rh040-rh055.pdf\u00bb target=\u00bb_blank\u00bb class=\u00bbattributes_link\u00bb&gt;&lt;img src=\u00bbimages\/ico_text.png\u00bb class=\u00bbicon-img\u00bb&gt;&lt;\/a&gt;<br \/>\n&lt;\/td&gt;<br \/>\n&lt;\/tr&gt;<br \/>\n&lt;\/tbody&gt;<br \/>\n&lt;\/table&gt;<\/p>\n","protected":false},"featured_media":1397,"comment_status":"closed","ping_status":"closed","template":"","meta":{"_kad_post_transparent":"default","_kad_post_title":"","_kad_post_layout":"default","_kad_post_sidebar_id":"","_kad_post_content_style":"default","_kad_post_vertical_padding":"default","_kad_post_feature":"","_kad_post_feature_position":"","_kad_post_header":false,"_kad_post_footer":false,"_kad_post_classname":""},"product_brand":[],"product_cat":[85,88],"product_tag":[],"class_list":{"0":"post-1396","1":"product","2":"type-product","3":"status-publish","4":"has-post-thumbnail","6":"product_cat-rolandh","7":"product_cat-tractores","9":"first","10":"instock","11":"shipping-taxable","12":"product-type-simple","13":"entry","14":"content-bg","15":"loop-entry"},"_links":{"self":[{"href":"https:\/\/suriego.com.ar\/index.php?rest_route=\/wp\/v2\/product\/1396","targetHints":{"allow":["GET"]}}],"collection":[{"href":"https:\/\/suriego.com.ar\/index.php?rest_route=\/wp\/v2\/product"}],"about":[{"href":"https:\/\/suriego.com.ar\/index.php?rest_route=\/wp\/v2\/types\/product"}],"replies":[{"embeddable":true,"href":"https:\/\/suriego.com.ar\/index.php?rest_route=%2Fwp%2Fv2%2Fcomments&post=1396"}],"wp:featuredmedia":[{"embeddable":true,"href":"https:\/\/suriego.com.ar\/index.php?rest_route=\/wp\/v2\/media\/1397"}],"wp:attachment":[{"href":"https:\/\/suriego.com.ar\/index.php?rest_route=%2Fwp%2Fv2%2Fmedia&parent=1396"}],"wp:term":[{"taxonomy":"product_brand","embeddable":true,"href":"https:\/\/suriego.com.ar\/index.php?rest_route=%2Fwp%2Fv2%2Fproduct_brand&post=1396"},{"taxonomy":"product_cat","embeddable":true,"href":"https:\/\/suriego.com.ar\/index.php?rest_route=%2Fwp%2Fv2%2Fproduct_cat&post=1396"},{"taxonomy":"product_tag","embeddable":true,"href":"https:\/\/suriego.com.ar\/index.php?rest_route=%2Fwp%2Fv2%2Fproduct_tag&post=1396"}],"curies":[{"name":"wp","href":"https:\/\/api.w.org\/{rel}","templated":true}]}}