{"id":1393,"date":"2025-04-11T09:27:59","date_gmt":"2025-04-11T12:27:59","guid":{"rendered":"https:\/\/suriego.com.ar\/?post_type=product&#038;p=1393"},"modified":"2025-04-11T09:27:59","modified_gmt":"2025-04-11T12:27:59","slug":"tractor-cortacesped-rh-102-c-bolsa-recolectora","status":"publish","type":"product","link":"https:\/\/suriego.com.ar\/?product=tractor-cortacesped-rh-102-c-bolsa-recolectora","title":{"rendered":"TRACTOR CORTAC\u00c9SPED RH 102 C\/ BOLSA RECOLECTORA"},"content":{"rendered":"<p><b>CARACTER\u00cdSTICAS<\/b><\/p>\n<ul>\n<li>Motor Briggs &amp; Stratton bicil\u00edndrico 4 tiempos, nafta<\/li>\n<li>Direcci\u00f3n Hidrost\u00e1tica con tracci\u00f3n trasera<\/li>\n<li>Potencia: 22HP<\/li>\n<li>Tracci\u00f3n simple<\/li>\n<li>Dimensiones: 2400mm largo x 1060 mm ancho x 1185 mm alto<\/li>\n<li>Peso: 271 kg<\/li>\n<li>Ancho de corte: 102cm<\/li>\n<li>Altura de corte: 2,5 cm a 8cm<\/li>\n<li>Tipo de ruedas: inflables \u2013 tipo parqueras<\/li>\n<li>Capacidad de bolsa recolectora: 320lts<\/li>\n<li>Pendiente m\u00e1xima de trabajo: 12\u00b0<\/li>\n<\/ul>\n","protected":false},"excerpt":{"rendered":"<p>CARACTER\u00cdSTICAS Motor Briggs &amp; Stratton bicil\u00edndrico 4 tiempos, nafta Direcci\u00f3n Hidrost\u00e1tica con tracci\u00f3n trasera Potencia: 22HP Tracci\u00f3n simple Dimensiones: 2400mm largo x 1060 mm ancho x 1185 mm alto Peso: 271 kg Ancho de corte: 102cm Altura de corte: 2,5 cm a 8cm Tipo de ruedas: inflables \u2013 tipo parqueras Capacidad de bolsa recolectora: 320lts&#8230;<\/p>\n","protected":false},"featured_media":1386,"comment_status":"closed","ping_status":"closed","template":"","meta":{"_kad_post_transparent":"default","_kad_post_title":"","_kad_post_layout":"default","_kad_post_sidebar_id":"","_kad_post_content_style":"default","_kad_post_vertical_padding":"default","_kad_post_feature":"","_kad_post_feature_position":"","_kad_post_header":false,"_kad_post_footer":false,"_kad_post_classname":""},"product_brand":[],"product_cat":[85,87],"product_tag":[],"class_list":{"0":"post-1393","1":"product","2":"type-product","3":"status-publish","4":"has-post-thumbnail","6":"product_cat-rolandh","7":"product_cat-tractor-cortacesped","9":"first","10":"instock","11":"shipping-taxable","12":"product-type-simple","13":"entry","14":"content-bg","15":"loop-entry"},"_links":{"self":[{"href":"https:\/\/suriego.com.ar\/index.php?rest_route=\/wp\/v2\/product\/1393","targetHints":{"allow":["GET"]}}],"collection":[{"href":"https:\/\/suriego.com.ar\/index.php?rest_route=\/wp\/v2\/product"}],"about":[{"href":"https:\/\/suriego.com.ar\/index.php?rest_route=\/wp\/v2\/types\/product"}],"replies":[{"embeddable":true,"href":"https:\/\/suriego.com.ar\/index.php?rest_route=%2Fwp%2Fv2%2Fcomments&post=1393"}],"wp:featuredmedia":[{"embeddable":true,"href":"https:\/\/suriego.com.ar\/index.php?rest_route=\/wp\/v2\/media\/1386"}],"wp:attachment":[{"href":"https:\/\/suriego.com.ar\/index.php?rest_route=%2Fwp%2Fv2%2Fmedia&parent=1393"}],"wp:term":[{"taxonomy":"product_brand","embeddable":true,"href":"https:\/\/suriego.com.ar\/index.php?rest_route=%2Fwp%2Fv2%2Fproduct_brand&post=1393"},{"taxonomy":"product_cat","embeddable":true,"href":"https:\/\/suriego.com.ar\/index.php?rest_route=%2Fwp%2Fv2%2Fproduct_cat&post=1393"},{"taxonomy":"product_tag","embeddable":true,"href":"https:\/\/suriego.com.ar\/index.php?rest_route=%2Fwp%2Fv2%2Fproduct_tag&post=1393"}],"curies":[{"name":"wp","href":"https:\/\/api.w.org\/{rel}","templated":true}]}}